of w?
0
What is the hundreds digit of -302*(75/18 + -5)*3?
7
Let w(u) be the second derivative of -u**5/20 + u**4/6 + 5*u**3/3 + 3*u**2/2 - 5*u. Let h be w(-8). Suppose 77 = 8*i - h. What is the units digit of i?
0
Let a = -841 + -192. Let v = 2072 + a. What is the thousands digit of v?
1
Let i = -5144 - -10062. What is the units digit of i?
8
Let f = 13971 - 8455. What is the tens digit of f?
1
Let p be (-88)/(-14) - (-1)/(-14)*4. Suppose 11*l - p*l - 15 = 0. What is the hundreds digit of 662/l - (-4)/3?
2
Let j(o) be the second derivative of -9/2*o**2 - 2*o + 0 - 1/3*o**3 + 1/12*o**4. What is the tens digit of j(-9)?
9
Suppose -12569 = -16*i + 10999. Suppose 585 = -4*b + i. What is the tens digit of b?
2
Let f be (0 + 2)/(-5 - -3) - -4. Suppose -d - 213 = -f*q, -3*d + 0*d = -q + 607. What is the hundreds digit of (d/(-3))/(-5*1/(-15))?
2
Let n(c) = 49*c**2 - 128*c + 1692. What is the tens digit of n(14)?
0
Let t(b) = 1632*b**3 + b**2 + 8*b - 10. What is the hundreds digit of t(2)?
0
Let p = 3745 + -2256. What is the units digit of p?
9
Suppose 27664 = 4*p - 2*s, -2*p - 4*s + 10046 + 3806 = 0. What is the hundreds digit of p?
9
Suppose -54 = -g - 2*h, -2*g + 120 = -5*h + 6*h. Let i be 31/3 + (-1)/3. Suppose -i*u + 11*u - g = 0. What is the tens digit of u?
6
Let i(v) = -v**3 + 5*v**2 + 4*v - 7. Let w be (0 - 6/8)/(1/(-8)). Let y be i(w). Let r = y - -23. What is the units digit of r?
4
Let r = -124 + 655. Suppose -r = 6*a - 9*a. What is the hundreds digit of a?
1
What is the ten thousands digit of 5448906/126 - ((-18)/(-63) + 0)?
4
Let l(a) = 6*a**3 + 11*a**2 + 12*a + 22. Let h be l(11). Suppose -16*z = 5*z - h. What is the tens digit of z?
5
Suppose 4*l - 844*t + 849*t - 36896 = 0, 36904 = 4*l + 4*t. What is the tens digit of l?
3
Let n(k) = 253 + 291 + 71*k - 511. What is the hundreds digit of n(7)?
5
Let r(b) = -2*b. Let g be r(-3). Let y be g/15 + (-38)/(-5). Suppose 3*l = y*l - 220. What is the tens digit of l?
4
Suppose -25*o = -23*o - 9076. Suppose -m = 2*m - z - 2725, 5*m = -2*z + o. What is the tens digit of m?
0
Suppose -26*x + 14135 = -105248 - 10331. What is the thousands digit of x?
4
Suppose 47*v + 111633 = 50*v - 3*u, 0 = 2*v + 5*u - 74366. What is the ten thousands digit of v?
3
Let p = -61 + 73. Suppose -4*k = -4*r - p, -k - 8 = -4*r + 4. Suppose -684 = 4*n - k*n. What is the tens digit of n?
7
Let p(s) = s**2 - s - 47. Let d be p(-7). What is the units digit of (-92)/(3/d*-2)?
8
Let p be 1 + -5 + -1 + 14. Suppose 5*h - p - 51 = 5*z, 0 = -5*h - 2*z + 25. Suppose -587 + 69 = -h*g. What is the tens digit of g?
7
Let m(l) = 157*l + 200. Let b be m(10). What is the hundreds digit of ((-15)/10)/3 + b/4?
4
Let v = 9 - 9. Suppose v = -4*c + 96. What is the tens digit of c?
2
Let u(f) = 2*f**2 - 5*f + 21. Suppose y + 2*c = 3*y - 242, 2*y = -3*c + 232. Let j be y/34 + 10/4. What is the units digit of u(j)?
3
Let f(v) = 1 - 3 - v - 2 - 2. Suppose 2*o + 4*a = -14, 3*o = 4*o - 4*a + 31. What is the units digit of f(o)?
9
Let k = 14205 - 705. What is the ten thousands digit of k?
1
Let c(o) = -o**2 - 8*o - 3. Suppose -2*f - f = 15. Let m be c(f). Suppose 2*b + b = m, 2*n = -b + 212. What is the tens digit of n?
0
Let p(i) = i**3 + 4*i**2 + 3*i + 2. Let d be p(-2). Suppose -4*h - d = -20. Let r = 57 + h. What is the units digit of r?
1
Let h(o) be the third derivative of -o**6/120 + o**5/4 + 3*o**4/4 - 49*o**3/6 - 5*o**2 + 2. What is the hundreds digit of h(14)?
3
Let r = 4482 + -659. What is the hundreds digit of r?
8
What is the tens digit of 2/(-11) - (-127940)/55?
2
Let p = -13063 - -13826. What is the tens digit of p?
6
What is the thousands digit of 5809 + 2 - (6 + 2 - 4)?
5
Let k be 1 + 4 + -6 + 63/3. Suppose 98 = -19*b + k*b. What is the units digit of b?
8
Let f(l) = 4*l**2 - l + 3. Let t = 51 + -65. Let w be (4/(-8))/((-1)/t) + 2. What is the tens digit of f(w)?
0
Suppose 3*d - 2*d = 3*i - 7, 2*d - 4*i + 6 = 0. Suppose -2*l - 22 = -2*g - 3*g, -3*g = -d*l - 17. What is the units digit of 4 + (2 - -1 - l)?
8
Suppose 5*x + 50 + 310 = 0. Let h = x + 203. Let j = -63 + h. What is the units digit of j?
8
Suppose -8*i + 5153 = -207. Suppose 0*c + 5*c + 3*j - 1673 = 0, 2*j - i = -2*c. What is the units digit of c?
4
Let f(z) = -8*z**3 - 6*z**2 - 208*z - 34. What is the thousands digit of f(-9)?
7
Let q be 7/(21/(-45))*-1*859. Suppose 10*d + q = 25*d. What is the hundreds digit of d?
8
Let t(f) = 1 - 12 + 27 - 9 - 11*f. What is the units digit of t(-20)?
7
Let n(f) = 255*f**2 + 746*f - 10. What is the units digit of n(-4)?
6
Suppose 11*s - 2561 - 6437 = 0. Suppose -2*g + o = -s, 0 = -2*g + 7*g + o - 2038. What is the tens digit of g?
0
Let l(x) = 16*x + 592. Let j be l(0). Let y = -234 + j. What is the tens digit of y?
5
Let l be 22/8 - (4 + 51/(-12)). Suppose 0 = l*s - 476 - 232. What is the units digit of s?
6
Suppose 47*l - 48*l = 8. What is the hundreds digit of (-790)/((-18)/(-12)*l/6)?
3
Suppose 113026 = 3*r - 4*k, -37*r + 40*r - 5*k - 113018 = 0. What is the thousands digit of r?
7
Let q = 794 + -804. What is the units digit of 57792/35 + 2/q?
1
Let r(h) = -4*h - 23. Let x be r(-7). Suppose x*v = -6 + 21. Suppose -4*q - 60 = -l, v*q - 2*q - 405 = -5*l. What is the tens digit of l?
8
Let u be -1 + 66/4*14/(-21). What is the hundreds digit of (u/(-14))/(2/1162)?
4
Suppose -i + 6230 + 3946 = 0. What is the units digit of i?
6
Let j(q) = 0*q**3 + 22 + 6*q**2 + 17*q + 5*q**2 + q**3 - 33. Let r be j(-9). What is the units digit of ((-7)/r)/(-3 - 129/(-42))?
9
Suppose 0 = -2*x + 3*x + 492. Let t = -293 - x. What is the tens digit of t?
9
Let u = 104 - -538. Suppose 15*n = 483 + u. What is the units digit of n?
5
Let p(f) be the first derivative of 5/2*f**2 + 16 - 40*f. What is the units digit of p(22)?
0
Let k be (84/70)/(2/5). Suppose 5*w - 78 = k*x - 18, 5*w - 60 = 4*x. What is the tens digit of (326 - -1)*(4/w + 0)?
0
Let p be (-1920)/15*(-2 - -1). Let x = 675 - p. What is the hundreds digit of x?
5
Let f(t) = 2*t**3 + 14*t**2 + 6*t + 3. Let s be f(-6). Suppose -2*b + s - 4 = 5*i, -i - 20 = -5*b. Suppose -b*x = -755 - 210. What is the hundreds digit of x?
1
Let x(j) = -j**3 + 8*j**2 + 43*j + 43295. What is the thousands digit of x(0)?
3
Let l(r) = 438*r**2 + 172*r - 796. What is the tens digit of l(5)?
1
Let i(c) = 6*c - 145. Let w be i(24). What is the tens digit of w + 16 - 11 - 755/(-1)?
5
Let o(t) = 111*t**2 + 44*t - 1314. What is the ten thousands digit of o(21)?
4
Let v = -1380 - -2048. Let j = v + -338. What is the units digit of j?
0
Suppose -242*z = -64*z + 609495 - 4560561. What is the units digit of z?
7
Let q be (4/(60/(-9)))/((-16)/(-160)). What is the tens digit of -6*q/45 - (-17620)/100?
7
Let r = 80 + -76. What is the tens digit of (-13380)/(-50) + r/10?
6
Let i(j) = 15*j + 3. Suppose -5*g + o = -2*o + 20, -g + 2*o = 11. Let t be i(g). What is the units digit of (-1563)/21*-1 - t/21?
5
Let g(f) = -f**3 + 33*f**2 + 42*f + 8. What is the thousands digit of g(26)?
5
Let m(x) be the first derivative of 14*x**3/3 + 4*x**2 + 27*x + 160. What is the units digit of m(-8)?
9
Let r be (-2)/5 + (-480)/50. Let s(x) = 7 + 0 - 6*x - 2. What is the units digit of s(r)?
5
Suppose -24 = 3*a + 3*o, -5*o = -3*a - 1 + 17. What is the units digit of a/(285/(-26305)) - 2/(-19)?
7
Suppose -60*u + 33*u = -189. Let j(n) = 39*n - 5. Let k(l) = 58*l - 8. Let y(x) = -7*j(x) + 5*k(x). What is the tens digit of y(u)?
1
Let w = 7846 - 6268. What is the units digit of w?
8
What is the units digit of 9206/5*(180/(-198))/((-20)/55)?
3
Suppose 0 = -3*s + 11*s - 88. Suppose -s*o = 2*o - 4706. What is the tens digit of o?
6
Let z(k) = -2*k**3 - 9*k**2 + k - 5. Let i = 50 + -55. Let q be z(i). Suppose -j - q = -s - 2*j, 54 = 4*s + 2*j. What is the tens digit of s?
1
Let j(v) = -v**3 + 7*v**2 + 4. Let u be j(7). Let i(m) = -12 + 0*m - 20 + 14*m - u*m. What is the tens digit of i(20)?
6
Let w(f) = -18*f**3 + 31*f**2 + 181*f + 10. What is the ten thousands digit of w(-10)?
1
Let w = 8 + 4. Let z(a) = a**3 - 11*a**2 - 4*a - 14. Let x be z(w). Suppose -2*y = -272 + x. What is the tens digit of y?
9
Let o(p) = -3*p**2 - 23*p - 6. Let j be o(-10). Let x = 103 + j. Suppose n = 2*n - x. What is the units digit of n?
7
Suppose 30230 = 2*s + 3*p, 5*s + 4*p = 8235